ppose -15*w - 5 = -20*w. What is the highest common factor of 1 and w?
1
Suppose -4*p + 257 = -0*p - h, h - 63 = -p. What is the highest common factor of 8 and p?
8
Suppose 3*z - 48 = i, 5*i = 5*z - 7*z + 32. What is the highest common factor of z and 16?
16
Let o = 6 + 1. Let x be 25 + (-2)/2*-3. What is the highest common divisor of o and x?
7
Suppose 569 = 4*k + 173. Suppose -4*a + 18 = -2*a. Calculate the greatest common divisor of k and a.
9
Suppose 2*j = -0*h + 5*h, 3*h - 3*j = 0. Let k(v) = -v**2 + 5. Let w be k(h). Calculate the highest common divisor of 25 and w.
5
Let d = -14 - -29. Calculate the greatest common factor of 10 and d.
5
Suppose 8*d - 11*d = -36. What is the highest common factor of 3 and d?
3
Suppose j - 10 = -4*j. Suppose 0 = -v - j + 15. What is the greatest common divisor of v and 13?
13
Suppose 0*x = 2*x - 6. Suppose -39 = -3*t + x*d, 0 = -3*t + 4*d + 24 + 20. Let o = 6 + -2. What is the highest common divisor of t and o?
4
Let z(x) = x**2 - x + 20. Let o be z(0). What is the greatest common factor of o and 30?
10
Let i be (-10)/(-25) - 998/(-5). What is the greatest common factor of i and 80?
40
Let k be (1/(-3))/(1/(-3)). Let m be (-34)/(k + (-4 - -1)). Let r be (-2)/(-6) - 356/(-3). What is the greatest common factor of m and r?
17
Let c(h) = -h**3 + 9*h**2 + 10*h + 15. Let l be c(10). Calculate the greatest common divisor of 30 and l.
15
Let k(t) = 2*t + 12. Let r = 4 - 4. Let o be k(r). Calculate the greatest common divisor of o and 3.
3
Let c be -1 + 1 + (-24)/(-4). What is the greatest common divisor of c and 42?
6
Let u be (9/(-6) + 1)*-2. Suppose 2*n - u = -11. Let h be (-342)/n + 10/(-25). Calculate the greatest common factor of 17 and h.
17
Let n = -50 + -19. Let p = n + 47. Let s = p + 34. Calculate the highest common factor of 24 and s.
12
Suppose 3*s = -2*s + 40. Let o be 16/2*s/16. Calculate the greatest common divisor of o and 36.
4
Suppose 4*n - 2*w - 234 = 0, -71 = -n - 5*w + 4. What is the greatest common divisor of 12 and n?
12
Let s be (44/6*-6)/(-2). Calculate the highest common factor of s and 2.
2
Suppose -2*w - 105 = -7*w. Let h = w + -9. What is the highest common factor of 36 and h?
12
Let o be (-92 - -146)*(-4)/(-3). Let x(m) = m**3 - 5*m**2 + 2*m - 1. Let b be x(5). What is the greatest common divisor of o and b?
9
Let t be 6 - 2 - (-1 - 2). What is the highest common divisor of 35 and t?
7
Let r(k) = k**3 - 6*k**2 - k + 6. Let p be r(6). Suppose p*c + 3*c - 18 = 0. Calculate the highest common divisor of c and 12.
6
Suppose -3 = -2*n + 3. Let z(u) = u**2 - 4. Let g be z(-4). Suppose l + g = 3*l. Calculate the greatest common factor of n and l.
3
Suppose z + 3*z + p = 209, 2*p + 143 = 3*z. What is the highest common factor of 17 and z?
17
Let i(w) = w**2 - 8*w + 5. Let u be i(8). Let n = u + 6. Calculate the greatest common divisor of n and 121.
11
Let l(c) = 20*c + 1. Let r be l(1). Let f be 8278/15 + 2/15. Suppose -6*m - 174 = -f. Calculate the highest common divisor of r and m.
21
Suppose z = 3*t + 13, 4*t - 28 + 71 = 5*z. What is the greatest common divisor of 21 and z?
7
Let y(v) = 74*v + 6. Let n be y(2). Let f = 10 - -4. What is the greatest common divisor of f and n?
14
Suppose 0*o - 4*x + 18 = o, -3*o - 2*x = -64. Suppose 0 = -l - 5*s + o, l + l - s = 0. Suppose -49 = -l*f + 31. What is the greatest common divisor of f and 10?
10
Let m = -27 + 30. What is the greatest common factor of 3 and m?
3
Let g be (-30)/4*(-180)/50. What is the greatest common factor of g and 81?
27
Suppose -p - 5 = 0, -3*h + 2*p - 183 = -4*h. Suppose 43 = -5*a + h. Calculate the greatest common divisor of 45 and a.
15
Let o be (-1)/(-5) - (-142)/(-10). Let j = 27 + o. What is the highest common divisor of 65 and j?
13
Let r be (1 - -3) + 344*(-3)/(-6). Calculate the highest common divisor of r and 22.
22
Suppose -2 = v, i + 2*v = -0*i. Suppose 0 = -3*x + 15, -5*y + x + 11 = -y. What is the highest common factor of y and i?
4
Let w = 19 + -15. Suppose 0*f + 5*u = 4*f - 119, 0 = w*f - u - 107. What is the highest common factor of 65 and f?
13
Let c(t) = 5*t - 51. Let h be c(12). Let l be 65 + (-2)/(1 - 0). What is the highest common factor of h and l?
9
Let k(t) = -t**3 - 6*t**2 + 7*t + 6. Let a be k(-7). Let p = 9 + a. What is the greatest common factor of p and 15?
15
Let o = 47 + -25. Suppose 3*l - 2 = o. Let m = -3 + 7. What is the highest common factor of l and m?
4
Suppose -s - 4*l = 3*s - 268, 9 = -3*l. Suppose 5*n + 5*z = 3*z - 7, 2*n - 4*z = 2. Let d be 15 - n - (-4)/(-2). What is the highest common divisor of s and d?
14
Let p = 92 - 91. Calculate the greatest common factor of p and 2.
1
Let c = 36 - 15. Let z = c - 11. Calculate the greatest common factor of 2 and z.
2
Suppose 7*m - 280 = 3*m. Calculate the greatest common divisor of 10 and m.
10
Suppose k = 3*m + 7, -13 = 3*m - 2*m + 5*k. Let c be (-4)/m - (-2)/3. Calculate the highest common divisor of 8 and c.
2
Let w be 4/2 - (-5 - (5 + -3)). Calculate the highest common divisor of 1 and w.
1
Let b = 155 + -149. Let g = 12 - 0. Calculate the highest common divisor of b and g.
6
Let i = -69 + 99. Let u be (36/i)/((-3)/(-20)). What is the highest common factor of u and 4?
4
Let b(r) = r**3 + 4*r**2 - 4*r - 6. Let n be b(-4). Let p(g) = 9 - 3*g + 2*g + 2*g. Let q be p(-7). Calculate the greatest common divisor of q and n.
2
Let g(t) = -t**2 - 8*t + 5. Let w be g(-7). Suppose 21 = 3*p - 2*h, -p - 2*h - w = -3*p. Calculate the highest common factor of 99 and p.
9
Let v = -67 + 120. Let t(w) = -2*w**2 - 8*w - 1. Let s be t(-6). Let z = v - s. Calculate the highest common divisor of z and 26.
26
Suppose -4*b - 37 - 3 = 0. Let f(o) = -o + 5. Let q be f(b). Calculate the highest common factor of q and 135.
15
Suppose 4 = g - 2*p, -5*p + 44 = -2*g + 4*g. Calculate the greatest common divisor of g and 12.
12
Let j(f) = f**2 - 2. Let s be j(-2). Suppose 7*b + 630 = 2*g + s*b, -5*b + 1645 = 5*g. Suppose 2*u + 17 = g. Calculate the greatest common divisor of u and 22.
22
Let h = -237 + 369. Suppose -3*m + 5*n = -21, 3*m + 3*n - 73 = -28. Calculate the highest common divisor of m and h.
12
Let t(m) = m**2 - 5*m + 6. Let a be t(4). Suppose -a*u - 50 = -2*d + 28, 4*d - 3*u - 157 = 0. Calculate the greatest common factor of 16 and d.
8
Suppose -l - 2*l = -12. Suppose 9 = l*v - 3. Suppose r = v*k - r - 25, -2*r = 5*k - 63. Calculate the highest common divisor of 121 and k.
11
Let k = 85 + -61. Calculate the greatest common divisor of 36 and k.
12
Let y = 5 + 2. Let p(n) = 9*n + y - 5 + 1 - n**2. Let r be p(8). What is the greatest common divisor of r and 22?
11
Let g be 222/8 - 1/(-4). Let u = g + -10. What is the greatest common divisor of 36 and u?
18
Let k(f) be the first derivative of -f**2 - 8*f + 1. Let z = -35 - -27. Let n be k(z). Calculate the greatest common divisor of n and 88.
8
Suppose 4*s - s - 50 = -4*c, 4*c = -5*s + 70. Let t = 100 - 10. What is the highest common factor of s and t?
10
Let w(a) = -a + 26. Let i be w(-18). Let g = -10 + 21. What is the greatest common factor of g and i?
11
Let c(w) = w**2 + 3*w - 8. Let k be c(-6). Let r(v) = 8 + 3 + k - 7 - v. Let x be r(0). What is the highest common factor of 14 and x?
14
Let g(v) = -v**2 + 20*v - 16. Let r be g(18). What is the greatest common divisor of r and 20?
20
Suppose 0*l + 6*l - 30 = 0. What is the greatest common factor of l and 5?
5
Suppose 3*j + 5*j - 40 = 0. Let t(d) = -5*d**2 + 6*d + 1. Let o be t(5). Let z = -39 - o. Calculate the greatest common factor of j and z.
5
Suppose 4*i + 2*t = 472, -4*t = -4*i - 0*t + 484. Calculate the greatest common divisor of 17 and i.
17
Suppose 4*i - 2*q = 2 + 64, 5*i - 3*q - 84 = 0. Calculate the highest common factor of i and 15.
15
Suppose x + 13 = 31. What is the highest common factor of 72 and x?
18
Let d(w) = w**2 - w + 60. Suppose -3*j = -4*z - 6, -2*j + 4 = -4*z + z. Let v be d(z). Calculate the highest common factor of v and 6.
6
Suppose 3*v - 1092 = -4*c + 322, -354 = -c - v. Suppose p - c = -p. Let b = -22 + 38. What is the greatest common divisor of p and b?
16
Suppose 4*y = -4*o + 436, 8*o - 3*o + y - 549 = 0. Calculate the greatest common factor of 10 and o.
10
Let l be ((-54)/(-45))/(2/30). What is the greatest common divisor